-81
What is the value of 1 - (0 - 5) - -1 - (52 + -30 + -39)?
24
Evaluate (-4 - (49 + -69)) + -41.
-25
What is 2 + (2 - 4) - ((111 - 58) + -97)?
44
-220 + 340 + (-17 - 32)
71
Evaluate (-13 - 19) + -41 + (3 - (-2 - 2 - -1)).
-67
What is -49 - (0 + 3 - (-102 + 115))?
-39
Evaluate -1 + -71 - (-42 + 1 - (575 - 616)).
-72
What is -17 + (13 - -10) + 7 - 17?
-4
What is the value of -68 + 8 + (-1 + -20 - (-64 + 21))?
-38
What is the value of 1 - 59 - (19 + -77 + 73)?
-73
Evaluate -82 + (265 - 101 - 81).
1
19 + 37 + -15 + (-111 - -27)
-43
What is the value of (34 - 0) + (-8 - (12 - 0) - -2 - -11)?
27
What is -21 + -16 - ((-7 - 1) + -3) - 12?
-38
What is 14 + (-9 - (4 + -32 + -1 + 11))?
23
Evaluate 8 + 3 + -6 - (132 + 11 - 103).
-35
Calculate -94 + (-43 - -95) - -11.
-31
Evaluate 4 - (-34 + -20 + 53).
5
What is -98 - (-10 - (136 - 49))?
-1
Evaluate 0 + (0 - 27) - (-32 + 61 + 27 + -67).
-16
Evaluate -101 - (-56 + 1 - (-470 - -434)).
-82
What is 14 + 20 - (0 + 0 + 7)?
27
Evaluate (41 - (21 - 68) - 1) + -23.
64
What is 9 + (-11 + 13 - 37) + 11 - 29?
-44
Calculate -5 + 2 + (-20 - (-11 + -1 + 1)).
-12
Evaluate -1832 + 1833 - (17 - (2 - 3)) - -65.
48
((36 - 1) + 0 - 1) + (-238 - -145 - -88)
29
Calculate 0 - -3 - (-39 + (39 - -9)) - 9.
-15
Evaluate -76 + (-6 - (-18 - (-11 + -7))) - (-1 + 11).
-92
What is the value of -25 + -7 + -13 + 14 + -2?
-33
What is the value of -22 + 9 + (-15 - -10) + 11?
-7
Evaluate -22 + 9 + -19 + -10 - -22.
-20
What is (-10 - ((5 - (-26 - -16)) + 45)) + -8?
-78
Calculate -73 + -2 - (-5 - (-20 - 2 - -15 - -1)).
-76
What is 103 - 19 - (1074 - 873)?
-117
What is 71 + 18 + -43 - 30 - (-20 + 2)?
34
What is the value of 50 + ((-9 - -22) + 18 + -25 - 9)?
47
Evaluate (27 - 3 - 25) + -10 + 1 + -9.
-19
What is 74 + (-7 - -2) + (18 - (16 - -8))?
63
-2 + 153 - (12488 + -12406)
69
Calculate (32 + 12 - 33) + -49.
-38
-3 - ((1 - (-33 + 14)) + 6)
-29
What is -10 + (6 - 15 - 21) - (3 - (-4 - -3))?
-44
Calculate -485 - -630 - (267 - 15).
-107
Evaluate (14 - ((19 - 17) + -4)) + 2.
18
Calculate (137 + -64 - 147) + (4 - -7).
-63
What is the value of -53 + 2 + -2 + (78 - (121 + -36))?
-60
Evaluate (-159 - -231) + -67 - (1 + -29).
33
What is (-4 - -26) + (-48 - -33 - -8)?
15
What is the value of -2 - ((-30 - -9) + (-19 - -48) + -2 + -42)?
34
What is the value of 25 - (-10 + 4 + (6 + -18 - -7 - -2))?
34
Calculate 1 - (-51 - (-2 - 0) - -23).
27
-3 + (5 - 5) + 20 - 99
-82
Evaluate 31 + (-96 + 28 - -5).
-32
Evaluate 45 - (58 + -7 + 36).
-42
Calculate 2 + -7 - 7 - (19 + -11).
-20
What is 128 - (-9 + (20 - -64))?
53
-13 - (2 - -1 - (-332 - -322))
-26
(-3 - (7 - -2)) + 33 + 13 + (28 - 15)
47
Evaluate 58 + 16 + 672 + -829.
-83
Evaluate 130 + (-35 - 71) - (0 - -2).
22
Evaluate 37 - (-36 - -77) - (14 + -3 - (3 - 4)).
-16
Evaluate 10 + (-9 - -13) + 44 + -100.
-42
Calculate 20 + -2 + (-48 - -73) + -40.
3
Calculate -43 + -30 + -55 + 125.
-3
What is 254 + -295 - (-5 - 91)?
55
(7 - -43) + (6 - 1) + -2 + 0 + -1
52
Calculate (-16 + 49 - -12) + -4.
41
Evaluate 0 + -6 - (25 + 15) - 26.
-72
(3 - 2) + (24 - 20) + 0 - 73
-68
Evaluate 62 - 0 - (-37 - (11 - 60 - -20)).
70
Evaluate -13 + -29 + 122 - (-2 + 35).
47
Evaluate 42 + (40 - (122 + 32)).
-72
Calculate 88 + -52 + 40 + -91 - (100 - 0).
-115
Evaluate -3 + (-7 + -12 + -14 - 49).
-85
What is the value of -57 - -71 - -164 - 101?
77
What is -123 + (7 - (-1 + -10 + -51 + 60)) + -12?
-126
What is the value of (-8 - 4 - (-284 - -270)) + (-2 - 59)?
-59
Calculate -101 + (5 + -5 - 17) + 12 + 23.
-83
Calculate (9 - (25 + 10)) + 6 + -8.
-28
(-33 - -3) + 97 + -79 - (-9 - 0)
-3
Calculate -48 + 1 + 86 + 3.
42
What is the value of 3 + 9 + 1 + -9 + -12 + 17 + -8?
1
Calculate 27 + (-31 - -11) - (22 + (-2 + 5 - -2)).
-20
Evaluate 32 + (5 - 3) + 1 + 5.
40
Evaluate -7 + (-21 - (-4 + -4)) - -36.
16
-20 + 3 + 7 + 0 + 7 - 1 - -13
9
Calculate -6 + -7 + 10 + (5 - (2 - 13)).
13
31 + 27 - (47 - 31)
42
Evaluate -20 - (14 + -5 - 37) - ((0 - 0) + 19).
-11
Evaluate (3 - -2) + -27 - -10 - 25.
-37
What is 7 + (3 + -2 - -2) - ((1 - -55) + -5)?
-41
What is 0 + (-1 - -17 - 5) + (1 - -12) + -11?
13
7 - 0 - (57 - (-12 - -16))
-46
-7 - (32 + (-15 - -26 - ((-13 - -5) + 19)))
-39
What is (5 - -62) + (232 - 253)?
46
Evaluate 0 + 7 + (21 - (-9 - (5 - 35))).
7
Calculate 460 + -470 + -2 + (-4 - -11) + -81.
-86
What is (-91 - 15) + 98 + 50?
42
Calculate -6 + 12 + 24 + -21 + (4 - -15).
28
Calculate (6 - 1 - -8) + (-174 - -132).
-29
Calculate (-2 - 1) + (12 + -28 + 3 - 46) - -13.
-49
What is -103 - ((-87 - -20) + 38 + 62)?
-136
Evaluate -8 - (73 + -101 - (-100 - -3)).
-77
Calculate 8 + -52 + 311 + -233.
34
What is (1 - 135) + -2052 + 2115?
-71
What is -17 + 23 + -4 + 55 + -22?
35
What is the value of -13 + 66 + -46 - 20?
-13
122 + 51 + -142 - -21
52
What is the value of 4 + (5 - 7) + -38 + 3 + 14?
-19
-4 + 2 - (33 - -3 - (87 + 68))
117
Evaluate 38 + -159 + -15 + -6 + 0 + 9 + -11.
-144
(-116 - (-64 + 40 + 18)) + 17 + 1
-92
-2 + 29 - ((-4 + 4 + -14 - -7) + -1)
35
What is 93 - ((58 - 54) + 40)?
49
What is -1 + 18 - (-4977 + 4928)?
66
What is 12 + (-16 - -9) + -8 + -24 + -2?
-29
(-2846 - -2854) + (2 + -33 + (0 - 3) - -2)
-24
Evaluate (-32 - 11) + (-2 - (4 + -4 + -3)).
-42
What is the value of 27 + (-52 - (39 + -46))?
-18
Calculate 0 + -3 + 0 + -12 + (172 - 93 - 11).
53
What is -43 + 38 - (-4 + (15 - 3)) - (-88 - -88)?
-13
What is the value of 23 + 0 - ((44 - 45) + -58)?
82
What is 38 + 4 - 2 - (20 - (-42 - -50))?
28
Calculate -34 - (1 + -19) - (-13 + 7 - 61).
51
Calculate 43 + -1 + (-30 - (33 + 9 + -85)).
55
What is the value of -116 + (66 - 57) - (-22 + 2)?
-87
Calculate -52 - (-21 - 10) - -33.
12
What is the value of 12 + (56 - 136) + 9 + 2 + (6 - -7)?
-44
What is 60 + -104 + (72 - -33)?
61
What is 3 + 4 + 2 + -10 + -9 - (-15 - 30)?
35
Calculate 4 + (-33 - -2) + 36 + -49.
-40
What is the value of 22 + 3 - (-8 - (-62 + 48))?
19
Calculate -2 + 20 + 4 + (429 - 426).
25
147 + -131 + -82 + 74
8
0 + 6 + -5 + 429 + -419
11
Evaluate -32 + (36 - -12) + -18.
-2
What is -83 - (-24 + -58) - (0 - 26)?
25
What is 3 + 4 + -36 + 36 - -7 - (92 - 1)?
-77
What is the value of -6 - (0 + -9 - 4)?
7
What is the value of -41 - (12 + -11 + -13 - 6)?
-23
What is (0 - -5) + 17 + (-12 - -6 - 2)?
14
What is the value of (9 - (-3 - -3)) + 27 + -40 + -18?
-22
What is the value of 7 + 112 + -151 + (-3 - -2 - 10)?
-43
Evaluate 67 - 0 - (-380 + 273 + 127).
47
What is the value of (206 - (114 - -94)) + 0 + (-130 - (-3 - 0))?
-129
What is the value of 11 + (4 - (3 + -12)) - -5?
29
-15 - -2 - (-48 - (22 - 6) - -25)
26
Evaluate (-3 - -5) + (35 - 36) + (37 - -4).
42
What is 24 - -8 - (-11 - (-1 + 5 + -7) - 3)?
43
(-14 - -1) + (32 + -80 + 12 - -33)
-16
Evaluate -81 + 75 - (-1 + (4 - (-1 - 0) - 2)).
-8
What is the value of (27 - 12) + (9 - -6 - 77)?
-47
What is the value of 4 + (36 - 31) + -12 - (-40 + 1)?
36
(-70 - -136 - 67) + (-3 - -52)
48
Evaluate 8 + -32 + (-5 - (-6 + -2)).
-21
Evaluate -5 + (-25 - -54) + 11.
35
What is the value of -3 - (74 + -61) - (-8 - (-3 - -3))?
-8
What is the value of (-9 - 3) + (57 - 42)?
3
12 + -18 + 26 + -3 + -26
-9
Calculate -10 - (-133 - (-16 - (-12 - 9))) - 24.
104
What is the value of (-918 - -912) + (1 - 6 - -3) + -3?
-11
Evaluate -48 - (-43 - (43 - 65)).
-27
Evaluate 24 + (17 - (-3 - (-40 + 18)) - (-19 - -4)).
37
Calculate -2 + 0 + -2 - (-1492 - -1496) - (3 + 5).
-16
What is the value of (-2 - 1) + -34 + (41 - 3) - (47 + 0)?
-46
What is the value of -8 + 34 + -31 + (45 - 29)?
11
129 - 138 - (32 - (9 + -4 + 5 + -5))
-36
Calculate -1 - 9 - (-21 - -29) - (-65 - -45).
2
Calculate -5 - (-5 + (31 - 49)).
18
Evaluate -5 + 7 + 53 - (-10 + 17).
48
Evaluate 23 - (-10 + 16 - 93).
110
Calculate 60 + (-38 - -43) - (-1 - (-4 - -13)).
75
Calculate 32 + 27 + 12 + -43.
28
Calculate -17 - (2 - (6 + (-6 - -12) + -15)).
-22
Calculate 18 + -47 - (153 + -194).
12
Calculate 83 + -50 + -75 + 28.
-14
Calculate (1037 - 1025) + 1 + -24 - (-70 - 1) - 2.
58
Evaluate 30 - ((-31 - -26 - -5) + (13 - 1)).
18
(160 - 202 - (2 - 44)) + (-68 - (4 + -2))
-70
Evaluate 16 + (-1 - (32 - -30)) + -14.
-61
(-2 + (3 - 23) - -3) + -724 + 744
1
What is (1 - 75) + -20 + -16 + (37 - 10)?
-83
What is (-11 - 1) + 0 + (-11 - (-22 + 12))?
-13
Evaluate -80 + (-27 + (15 + -10 - -4) - -11).
-87
What is -154 + 8 - -144 - (0 - 100